*m - 93. Calculate p(-9).
6
Let w(v) = v**3 + 31*v**2 + 69*v + 17. What is w(-29)?
-302
Let n(x) = 2*x**3 - 20*x**2 + 25*x - 2. Calculate n(9).
61
Let u(a) = -2159*a - 4350. What is u(-2)?
-32
Let v(t) = -t**3 - 15*t**2 - 20*t + 81. Give v(-13).
3
Let w(t) = -7*t - 175. Calculate w(-10).
-105
Let b(x) = x**2 - 127*x + 398. Determine b(3).
26
Let h(d) = -2*d**2 - 62*d - 121. What is h(-30)?
-61
Let l(h) = h**2 - h - 56. Calculate l(-8).
16
Let u(w) = -612*w + 4889. Calculate u(8).
-7
Let x(z) = -z - 51. Give x(-13).
-38
Let t(h) = 624*h - 32. What is t(1)?
592
Let w(z) = -9*z**2 - 87*z + 588. What is w(7)?
-462
Let w(p) = -2*p**3 - 154*p**2 + 161*p - 134. What is w(-78)?
-524
Let f(i) = -i**3 - 3*i**2 - 23*i - 191. Calculate f(-6).
55
Let g(q) = -9*q**2 + 695*q - 117. Calculate g(77).
37
Let o(v) = 6*v + 156. Give o(-20).
36
Let f(h) = -5*h**3 - 33*h**2 + 56*h - 5. Give f(-8).
-5
Let k(l) = 11*l + 187. What is k(-7)?
110
Let n(p) = p**2 - 45*p + 369. Determine n(15).
-81
Let f(q) = -24*q + 955. What is f(40)?
-5
Let y(s) = -s**3 + 17*s**2 + 20*s - 34. Determine y(18).
2
Let o(t) = -t**3 - 55*t**2 + 51*t - 27. What is o(-56)?
253
Let d(y) = y**3 - 41*y**2 - 468*y + 905. Determine d(50).
5
Let z(k) = 2*k**2 - 14*k - 537. Calculate z(0).
-537
Let i(b) = -12*b - 150. Give i(-12).
-6
Let n(u) = -u**3 + 102*u**2 - 750*u - 181. What is n(94)?
7
Let c(s) = 369*s - 641. Determine c(2).
97
Let c(l) = -3*l**3 - 13*l**2 + 11*l + 70. Give c(-3).
1
Let f(s) = -3*s**2 - 27*s + 70. Give f(3).
-38
Let j(n) = n**3 + 349*n**2 + 4043*n - 36. Give j(-12).
-24
Let v(k) = k**3 + 7*k**2 - k - 49. Give v(-7).
-42
Let y(o) = -33*o**2 - 202*o - 17. Determine y(-6).
7
Let b(u) = 628*u - 2529. Determine b(4).
-17
Let l(s) = s**3 + 7*s**2 + 86*s + 354. Determine l(-5).
-26
Let c(l) = 45*l - 850. Calculate c(23).
185
Let o(j) = -34*j**2 - 1705*j - 11. Calculate o(-50).
239
Let u(c) = -12*c**2 + 14*c - 4. Give u(2).
-24
Let i(y) = -y**3 - 5*y**2 + 51*y + 185. Determine i(-6).
-85
Let w(x) = -7*x**2 + 113*x + 35. Give w(17).
-67
Let k(m) = 11*m + 215. What is k(-23)?
-38
Let m(b) = 91*b - 812. Calculate m(9).
7
Let a(i) = -90*i - 638. Give a(-6).
-98
Let k(t) = 9*t**2 - 252*t + 246. Determine k(1).
3
Let q(g) = g**3 - 5*g**2 - 120*g + 28. Give q(14).
112
Let r(v) = -v**2 - 4006*v + 16045. Determine r(4).
5
Let r(b) = b**3 - 20*b**2 + 85*b + 31. Calculate r(13).
-47
Let t(u) = -197*u + 6905. Determine t(35).
10
Let d(u) = -u**3 + 53*u**2 - 106*u + 202. What is d(51)?
-2
Let z(h) = -508*h + 3560. Calculate z(7).
4
Let z(u) = 12*u - 28. Give z(-3).
-64
Let k(y) = -1791*y - 66275. Give k(-37).
-8
Let o(b) = -490*b + 2553. Calculate o(5).
103
Let q(j) = 145*j - 9876. Calculate q(68).
-16
Let w(i) = -i**2 + 1396*i + 11239. Give w(-8).
7
Let q(d) = 35*d - 215. Determine q(6).
-5
Let n(d) = -2*d**3 - 87*d**2 - 689*d + 44. What is n(-33)?
-88
Let t(i) = 2*i**2 - 9*i - 1. Give t(9).
80
Let m(r) = 4*r + 143. Give m(-28).
31
Let z(y) = -69*y + 4296. Calculate z(61).
87
Let m(y) = -y**3 + 100*y**2 + 1000*y - 2070. What is m(109)?
1
Let d(t) = -t**3 - 17*t**2 - 74*t - 45. Determine d(-10).
-5
Let w(v) = 39*v - 112. Calculate w(3).
5
Let k(o) = 4*o + 115. Calculate k(-31).
-9
Let l(y) = -5*y**2 - 29*y + 155. Give l(5).
-115
Let l(v) = v**2 - 22*v - 172. What is l(33)?
191
Let h(y) = y**3 - 10*y**2 - 12*y + 18. What is h(10)?
-102
Let k(p) = p**3 + 9*p**2 - 29*p - 150. What is k(5)?
55
Let m(s) = -2*s**2 - 30*s - 202. What is m(-15)?
-202
Let q(a) = -10263*a - 153949. Give q(-15).
-4
Let a(x) = -x**2 + 51*x - 62. What is a(6)?
208
Let j(i) = -98*i - 19586. Determine j(-200).
14
Let q(o) = -3*o**3 + 12*o**2 + 133*o + 20. Calculate q(9).
2
Let s(d) = 4*d**3 - 130*d**2 - 306*d + 7921. Calculate s(33).
1
Let s(q) = 72*q**2 + 147*q - 146. What is s(1)?
73
Let k(u) = u**3 + 23*u**2 + 24*u + 47. Determine k(-22).
3
Let j(n) = 5*n + 132. Give j(-46).
-98
Let a(r) = -r**3 - 7*r**2 - 22*r - 35. Calculate a(-4).
5
Let d(s) = -491*s + 13752. What is d(28)?
4
Let m(p) = -p**3 - 7*p**2 - 153*p - 752. Give m(-5).
-37
Let d(a) = -31*a**2 - 24*a + 47. What is d(3)?
-304
Let l(c) = 2*c**2 + 136*c - 1713. Calculate l(11).
25
Let x(a) = a**2 - 349*a - 47681. Calculate x(-105).
-11
Let p(a) = 3*a**2 - 11*a - 13. Give p(4).
-9
Let k(g) = 102*g - 2625. Determine k(26).
27
Let o(a) = 2*a**2 - 8*a - 2. Calculate o(-4).
62
Let g(x) = -3*x**2 - 38*x + 87. Give g(-15).
-18
Let o(p) = -2*p**3 + 13*p**2 + 29*p - 4. What is o(-4)?
216
Let x(m) = -m**3 - 37*m**2 - 123*m + 6. Determine x(-34).
720
Let k(x) = 6*x**2 - 758*x + 3651. What is k(5)?
11
Let n(r) = -5*r**3 + 21*r**2 + 16*r - 34. Give n(5).
-54
Let o(j) = -j**2 - 33*j - 103. Determine o(-30).
-13
Let x(c) = -88*c - 3335. Calculate x(-38).
9
Let h(k) = -k + 65. Calculate h(61).
4
Let k(p) = p**2 - 33*p - 1086. What is k(44)?
-602
Let l(a) = -a**2 - 191*a - 1446. Calculate l(-8).
18
Let a(x) = -x**3 - 8*x**2 - 106. Calculate a(-8).
-106
Let y(l) = 8*l - 348. What is y(45)?
12
Let s(b) = 3*b**2 - 16*b + 1. What is s(-7)?
260
Let b(g) = -138*g**2 + 14354*g - 186. Give b(104).
22
Let s(m) = -2*m**2 - 10*m + 135. Give s(-14).
-117
Let z(b) = -36*b**2 + 2*b + 3. Calculate z(-1).
-35
Let f(o) = -8*o**2 + 132*o + 13. Calculate f(16).
77
Let f(g) = g**3 - 74*g**2 - 223*g - 617. Give f(77).
-1
Let p(h) = -21*h + 2620. What is p(125)?
-5
Let m(u) = -1820*u - 1829. Calculate m(-1).
-9
Let t(x) = 80*x + 542. Determine t(-5).
142
Let k(d) = d**3 + 59*d**2 + 866*d + 63. Determine k(-32).
-1
Let m(s) = -4*s - 11. What is m(-38)?
141
Let k(y) = 137*y**2 - 1501*y - 75. What is k(11)?
-9
Let x(n) = 69*n**3 - n**2 + 3*n - 2. Give x(1).
69
Let j(c) = -c**3 + 6*c**2 + 14*c + 5. Calculate j(-4).
109
Let u(a) = 17*a + 20. Calculate u(11).
207
Let j(r) = 3*r**2 - 43*r - 18. Give j(16).
62
Let p(q) = 6*q**2 - 51*q + 10. What is p(8)?
-14
Let y(u) = -4*u + 158. What is y(-27)?
266
Let z(l) = 4*l**2 - 14*l - 1. Give z(10).
259
Let w(y) = -y**3 + 64*y**2 - 16*y + 1040. Calculate w(64).
16
Let o(s) = s**3 - 2*s**2 - 27*s - 31. What is o(-4)?
-19
Let c(l) = 15*l**2 - 19*l - 55. Determine c(-3).
137
Let s(p) = 8010*p + 48044. What is s(-6)?
-16
Let p(a) = 4*a**3 - 394*a**2 + 197*a - 145. Calculate p(98).
-47
Let g(y) = -2*y**3 + 7*y**2 + 5*y + 2. Determine g(2).
24
Let j(i) = 88*i - 713. Calculate j(9).
79
Let g(b) = -b**2 - 103*b - 311. Give g(-100).
-11
Let k(v) = 5*v**2 - 47*v + 52. Calculate k(7).
-32
Let g(j) = 3*j**3 - 9*j**2 + 8*j + 7. Calculate g(3).
31
Let m(l) = 701*l + 23825. Determine m(-34).
-9
Let i(g) = -g**3 + 44*g**2 - 194*g - 26. Calculate i(39).
13
Let k(n) = -3*n - 54. Give k(-32).
42
Let k(s) = -s**3 - 59*s**2 + 127*s + 335. Give k(-61).
30
Let y(k) = -2264*k + 11309. Give y(5).
-11
Let m(h) = -130*h + 3534. What is m(27)?
24
Let z(c) = c**3 + 11*c**2 + 173*c + 1604. Determine z(-10).
-26
Let j(s) = s**3 - 343*s**2 - 3*s. What is j(0)?
0
Let u(n) = -743*n**2 + 3716*n + 9. What is u(5)?
14
Let w(x) = 12*x**3 + x**2 - 22*x - 6. What is w(0)?
-6
Let p(r) = r**3 - 89*r**2 - 88*r - 205. Give p(90).
-25
Let d(n) = n**3 - 14*n**2 + 40*n + 1. What is d(5)?
-24
Let k(d) = 201*d + 1432. Calculate k(-7).
25
Let i(y) = -y**2 - 36*y + 162. Determine i(5).
-43
Let p(h) = -h**3 + 9*h**2 + 17*h + 57. What is p(11)?
2
Let o(i) = i**2 + 16*i + 9. What is o(-15)?
-6
Let s(m) = 12*m + 192. Determine s(-17).
-12
Let d(q) = -q**2 - 88*q - 1944. What is d(-46)?
-12
Let o(l) = -l**2 + 21*l - 98. What is o(15)?
-8
Let k(h) = 573*h - 3393. Give k(6).
45
Let n(u) = -9*u + 1414. Give n(157).
1
Let f(i) = i**3 + 42*i**2 - 38*i - 23. What is f(-43)?
-238
Let q(h) = 14*h**2 + 2870*h - 4. Give q(-205).
-4
Let f(g) = 4*g**3 + 4*g**2 + 12*g + 70. Calculate f(-4).
-170
Let w(j) = -3*j**2 + 5*j + 272. What is w(13)?
-170
Let r(c) = 195*c + 914. Calculate r(-5).
-61
Let c(n) = -n**2 + 5*n + 50. Give c(11).
-16
Let k(g) = -2*g**3 - 95*g**2 + 152*g + 168. Calculate k(-49).
-77
Let j(t) = t**3 - 36*t**2 + 7*t - 156. Determine j(36).
96
Let g(o) = 2*o**3 - 4*o**2 - 15*o + 156. What is g(6)?
354
Let f(m) = 5*m**2 + 113*m + 15. Determine f(-13).
-609
Let j(b) = -b**3 - 38*b + 7. Determine j(0).
7
Let f(j) = -2*j**2 - 7*j + 140. Calculate f(10).
-130
Let q(l) = l**3 - 58*l**2 + 3*l + 148. What is q(58)?
322
Let x(n)